actors of a/10 - (-54)/10?
5
What are the prime factors of ((-1)/2)/(693/174 + -4)?
29
Suppose -2*h = -8, 5*x = -5*h + 3*h + 78. List the prime factors of x.
2, 7
Suppose 2*f = -f + 12, -2*p = -4*f - 142. What are the prime factors of p?
79
Suppose -g = 1 - 4. Suppose 2*s - g*s = -3*i + 13, -3*i - 3 = 3*s. List the prime factors of i.
3
Suppose h = 5 + 51. What are the prime factors of h?
2, 7
Suppose u + 5 = -5*c, 12 = -3*u + 7*u + 4*c. Suppose -5*a = -4*a - u. Suppose -5*o - r = -21 - 24, -a*o + r = -55. What are the prime factors of o?
2, 5
Suppose -g - 1 - 8 = 0. List the prime factors of (-56)/g + 10/(-45).
2, 3
Let t(m) = -m**3 - 8*m**2 - 6*m + 3. What are the prime factors of t(-8)?
3, 17
Let j be (4 - (-2 - -4))*1. Let t = 11 - j. Suppose -2*s + 3*s - t = 0. What are the prime factors of s?
3
Let f(m) = m + 1. Let v be f(-3). Let r be v/(-5) + (-156)/(-10). Suppose -r = 4*c - 40. List the prime factors of c.
2, 3
Let b(t) = 5*t**2 + 4. Let x = -14 - -16. List the prime factors of b(x).
2, 3
Suppose -81 = -4*r - 25. List the prime factors of r.
2, 7
What are the prime factors of (-2)/(4*2/(-68))?
17
Let u be (-1 - 1)/((-12)/6). Let s = u - 7. List the prime factors of ((-4)/(-6))/((-1)/s).
2
Suppose -5 = 4*c - 3*u + 1, -4*c - 10 = -5*u. Suppose c = 2*x - 3 - 9. What are the prime factors of x?
2, 3
Let f(v) = -v**3 - 7*v**2 + 2. Suppose 0*r = 5*r + 35. Let p be f(r). Suppose 3*l = 0, p*g = 6*g - 3*l - 36. What are the prime factors of g?
3
Let c be (8 + -3)*(-2)/(-2). Let j = -1 + -2. Let v = c + j. What are the prime factors of v?
2
Suppose 5*z = -1 + 16. Let x(a) = -4*a**3 + 3*a**2 + 6*a + 5. Let v(s) = 3*s**3 - 2*s**2 - 5*s - 4. Let r(j) = 3*v(j) + 2*x(j). List the prime factors of r(z).
2
Suppose j - 24 = -2*g, -2*g - 2*j + 7*j = -24. Suppose 9 = 3*o, -6*y + 3*y = -4*o - g. List the prime factors of y.
2
Let u = -9 - -14. Suppose 2*m - u*m + 9 = 0. List the prime factors of m.
3
Let p = 328 - 166. List the prime factors of p.
2, 3
Suppose -2*r + 7*r + 125 = 0. List the prime factors of 10/(-8)*(1 + r).
2, 3, 5
What are the prime factors of (-2)/13 + 3472/91?
2, 19
Suppose 4*d = -4, -2*d = 5*a + 14 + 13. Let p = 4 - a. List the prime factors of p.
3
Suppose 0 = 6*j - 8*j + 24. List the prime factors of j/(-20) + (-292)/(-20).
2, 7
Suppose 3*z + 5*s = 34, 2*z - 5*s = -3*z - 10. Suppose -4*a + 5*g - 1 = 0, 0 = -z*a + 6*a + 4*g - 38. List the prime factors of a.
2, 3
Let o = 1 - 0. Let h be (0 - -1)*(o + -2). Let v(a) = -8*a. List the prime factors of v(h).
2
Let v = 801 + -557. What are the prime factors of v?
2, 61
Suppose 5*h + f - 3 = -1, h - 2 = -f. Suppose -4*q + 5*q - 25 = h. What are the prime factors of q?
5
Let z = -4 + 58. List the prime factors of z.
2, 3
Let f(r) = 28*r + 1. Let y(u) = -109*u - 4. Let p(c) = -54*c - 2. Let w(k) = -5*p(k) + 3*y(k). Let n(t) = -13*f(t) - 6*w(t). List the prime factors of n(-1).
3, 7
Suppose 3*y + 0*y = 0. Let k be 2 + 2/(-1) + y. Suppose -2*r + k*r + 18 = 0. What are the prime factors of r?
3
Let p = -79 + 114. List the prime factors of p.
5, 7
Let b(t) = 12*t + 6. Let k(y) = -11*y - 5. Let o(f) = -5*b(f) - 6*k(f). List the prime factors of o(2).
2, 3
Let x(n) = 13*n - 29. What are the prime factors of x(10)?
101
Let m(h) = -h + 17. Let y be m(8). Let t(f) = f**2 - 8*f + 1. List the prime factors of t(y).
2, 5
Suppose -17 = 3*i + 7. Let v = 24 + i. Let c = v + -8. List the prime factors of c.
2
List the prime factors of 122 + 0 - 1*(-28)/(-7).
2, 59
Suppose 5*n - 45 = -4*r, 0*n - 5*r = 2*n - 35. Let m be (4 - 3) + (4 - 3). Suppose 0 = n*h - 10, 3*d - m*d - 4*h - 5 = 0. List the prime factors of d.
13
Let y be 4*(-6)/(-4) + -1. List the prime factors of y*3 + 3 + -3.
3, 5
Let h(n) = -10*n + 2. Let x be h(-2). Let u be (-24)/(-11) - 4/x. List the prime factors of -3 - (-25 + -1 + u).
3, 7
Let o(b) = -b**3 - 10*b**2 + 13*b + 8. Let c be o(-10). Let z be c/18 - (-2)/(-9). Let a(g) = g + 17. What are the prime factors of a(z)?
2, 5
Let f(z) = 74*z + 1. Let t be f(5). Suppose -4*v = -5*o + t, -o = 2*o - 4*v - 221. Suppose 4*i - 2*d + d = o, -3*i = 3*d - 45. What are the prime factors of i?
2, 3
Suppose 2*v - 253 = -5*i + 198, 2*v = 5*i + 401. List the prime factors of 12/15 - v/(-15).
3, 5
Let k = 5 + -4. Suppose -2*z + k = -7. Suppose 2*s + 5*m - m - 18 = 0, -z*s = -5*m - 36. What are the prime factors of s?
3
Let a = 47 - -21. Suppose 5*h - a = h. Suppose -h = -2*r + 25. List the prime factors of r.
3, 7
What are the prime factors of (-6)/(-3 + 9/4)?
2
Let r(m) = 7*m**2 - 4*m - 10. What are the prime factors of r(5)?
5, 29
Let p be 19 + 1/(0 - -1). Suppose h + 3*h = p. Suppose -2*y - 30 = -h*y. List the prime factors of y.
2, 5
Suppose -12 = -2*t + 8. Let g = t - 2. List the prime factors of g.
2
Suppose 3*j - 174 = -0*j. Suppose j = 3*c - 5. List the prime factors of c.
3, 7
What are the prime factors of 2/(5 - (3 + 0)) - -44?
3, 5
Let a(p) = 50*p. Let r(m) = -3*m. Let j(i) = 2*a(i) + 35*r(i). List the prime factors of j(-3).
3, 5
Let n(f) = -f**2 + 5*f + 1. Let d be n(6). Let r be (-2)/5 - 32/d. What are the prime factors of (r/(-4))/((-3)/10)?
5
Let t = 14 + -9. Suppose t*m + 20 = -5*x, m + 0 + 4 = 2*x. Suppose x*o - 9 = -o. List the prime factors of o.
3
Suppose -5*m + g + 22 = 0, m = 2*m + 2*g. List the prime factors of m.
2
Suppose 3 + 0 = t, 0 = 2*q - t - 5. Suppose 2*v = -q, -5*v + 116 = 2*w + w. What are the prime factors of w?
2, 3, 7
List the prime factors of 550/15*6/4.
5, 11
Suppose 0 = -5*j - 4*u + u + 30, 2*u = 0. Suppose 0 = 3*y - j*y + 51. List the prime factors of y.
17
Let j(h) = 2*h**2 + 10*h + 6. Let y = 7 - 13. What are the prime factors of j(y)?
2, 3
Suppose -5*w - 90 - 60 = 0. Let v = 19 + w. List the prime factors of 4/(-2) + 5 - v.
2, 7
Suppose -4*k + 8*t - 3*t = -33, 3*k + 9 = -3*t. What are the prime factors of (-2 + -44)*k/(-4)?
23
Suppose -2 + 0 = -i. Let v(a) = a**i - 4*a + a + 3*a. List the prime factors of v(-2).
2
Let y be (2 + 12/(-15))*-5. Let b = y + 11. Suppose 2*n = b*c - 5, 0 = -4*n - 0*c + 2*c + 14. What are the prime factors of n?
5
What are the prime factors of (-3)/(-2)*(-2 + 6)?
2, 3
Suppose -2*i + 778 - 284 = 0. List the prime factors of i.
13, 19
Suppose 5*o = o - 56. Let n be (-1)/(((-6)/o)/(-3)). Suppose m + n*d = 3*d + 22, 0 = 2*m + 2*d - 20. List the prime factors of m.
2, 3
Let j(d) = 2*d**2 - 2*d - 1. Let i be (-1)/(-2)*(-2 + 10). Let u be (-6)/i + (-9)/(-2). List the prime factors of j(u).
11
Let t(g) = 7*g + 1. Let o be t(2). Let b = -13 + o. What are the prime factors of b?
2
Suppose -75 = -12*v - 3. What are the prime factors of v?
2, 3
Suppose -2*z - 5*o + 379 = 81, z = -3*o + 149. Let b = -103 + z. List the prime factors of b.
2, 23
Suppose 4*n = 16, -h + 32 = -6*h - 2*n. Let s = h + 20. What are the prime factors of s?
2, 3
Let s = 44 + -12. List the prime factors of s.
2
Let f(s) = 4*s - 3*s + 3 + 2 + 0*s. Let k be f(-5). Suppose 2*n - n - 21 = k. What are the prime factors of n?
3, 7
Let o(h) = -h**3 + 4*h**2 + 7*h - 5. Let m be o(5). Suppose 0 = -m*z - 10. List the prime factors of (21/6)/(z/(-4)).
7
Let h = 164 + -132. What are the prime factors of h?
2
Let g be -3*1 + -6 + 7. Let a = g - -7. Suppose d + 2*t + 3*t = -11, 0 = -5*d - a*t + 25. List the prime factors of d.
3
Suppose 2*h + 319 = 3*d + 4*h, 4*h = 8. Suppose 4*n = d - 21. List the prime factors of n.
3, 7
Suppose -2*b - 112 = -6*b. What are the prime factors of b + (-1 - (2 - 2))?
3
Let h = 22 - 7. Suppose -4*k + 2*n = 3*n + h, -15 = 2*k + 3*n. What are the prime factors of ((-4)/((-4)/k))/(-1)?
3
Let p = 21 - 15. Suppose 5*g + 3*a + 0*a - 189 = 0, p = 2*a. What are the prime factors of g?
2, 3
Let h = -28 - -76. List the prime factors of h.
2, 3
Suppose -20 = k - 82. Suppose -3*f = -3*z + f + 40, f = 4*z - k. What are the prime factors of (0 - (z + 1))/(-1)?
17
What are the prime factors of (-4)/3 - 408/(-36)?
2, 5
Let r = -17 + 22. Suppose -3*w = -3*z + z + 87, 0 = 4*z + r*w - 207. List the prime factors of z.
2, 3
Let t(l) = -l**2 - 4*l - 2. Let b be t(-3). Let f = b - 5. List the prime factors of -1 - 2*(0 + f).
7
Let o = -34 + 125. What are the prime factors of o?
7, 13
List the prime factors of 82/6 + (-1)/(-3).
2, 7
List the prime factors of 4/(-2) - 36/(-1).
2